{"id":3738,"date":"2021-04-19T18:21:21","date_gmt":"2021-04-19T18:21:21","guid":{"rendered":"https:\/\/instajuridic.com\/portfolio-items\/pildora-formativa-en-derecho-y-participacion-en-materia-ambiental\/"},"modified":"2021-04-19T18:21:21","modified_gmt":"2021-04-19T18:21:21","slug":"pildora-formativa-en-derecho-y-participacion-en-materia-ambiental","status":"publish","type":"avada_portfolio","link":"https:\/\/instajuridic.com\/es\/portfolio-items\/pildora-formativa-en-derecho-y-participacion-en-materia-ambiental\/","title":{"rendered":"P\u00edldora formativa en derecho y participaci\u00f3n en materia ambiental"},"content":{"rendered":"<div class=\"three-fourth\">\n<h2>P\u00edldora formativa en derecho y participaci\u00f3n en materia ambiental<\/h2>\n<div>\n<p>INSTA ha impartido una p\u00edldora formativa sobre conceptos b\u00e1sicos de derecho ambiental y participaci\u00f3n ciudadana para la defensa del territorio.<\/p>\n<p>El curso, impulsado por la asociaci\u00f3n \u00abLa Canonja 3 &#8211; Pueblo, paisaje y sostenibillitat\u00bb, pretend\u00eda tener una noci\u00f3n b\u00e1sica de la principal legislaci\u00f3n ambiental en Catalu\u00f1a, el funcionamiento y la jerarqu\u00eda del derecho ambiental, as\u00ed como los instrumentos de informaci\u00f3n p\u00fablica y defensa jur\u00eddica del medio ambiente<\/p>\n<\/div>\n<\/div>\n","protected":false},"excerpt":{"rendered":"<p>P\u00edldora formativa en derecho y participaci\u00f3n en materia ambiental INSTA ha impartido una p\u00edldora formativa sobre conceptos b\u00e1sicos de derecho ambiental y participaci\u00f3n ciudadana para la defensa del territorio. El curso, impulsado por la asociaci\u00f3n \u00abLa Canonja 3 &#8211; Pueblo, paisaje y sostenibillitat\u00bb, pretend\u00eda tener una noci\u00f3n b\u00e1sica de la principal legislaci\u00f3n ambiental en Catalu\u00f1a,  [&#8230;]<\/p>\n","protected":false},"author":1,"featured_media":3046,"menu_order":0,"comment_status":"closed","ping_status":"closed","template":"","format":"standard","meta":{"_acf_changed":false,"footnotes":""},"portfolio_category":[158],"portfolio_skills":[],"portfolio_tags":[],"class_list":["post-3738","avada_portfolio","type-avada_portfolio","status-publish","format-standard","has-post-thumbnail","hentry","portfolio_category-derecho-ambiental"],"acf":[],"_links":{"self":[{"href":"https:\/\/instajuridic.com\/es\/wp-json\/wp\/v2\/avada_portfolio\/3738","targetHints":{"allow":["GET"]}}],"collection":[{"href":"https:\/\/instajuridic.com\/es\/wp-json\/wp\/v2\/avada_portfolio"}],"about":[{"href":"https:\/\/instajuridic.com\/es\/wp-json\/wp\/v2\/types\/avada_portfolio"}],"author":[{"embeddable":true,"href":"https:\/\/instajuridic.com\/es\/wp-json\/wp\/v2\/users\/1"}],"replies":[{"embeddable":true,"href":"https:\/\/instajuridic.com\/es\/wp-json\/wp\/v2\/comments?post=3738"}],"version-history":[{"count":0,"href":"https:\/\/instajuridic.com\/es\/wp-json\/wp\/v2\/avada_portfolio\/3738\/revisions"}],"wp:featuredmedia":[{"embeddable":true,"href":"https:\/\/instajuridic.com\/es\/wp-json\/wp\/v2\/media\/3046"}],"wp:attachment":[{"href":"https:\/\/instajuridic.com\/es\/wp-json\/wp\/v2\/media?parent=3738"}],"wp:term":[{"taxonomy":"portfolio_category","embeddable":true,"href":"https:\/\/instajuridic.com\/es\/wp-json\/wp\/v2\/portfolio_category?post=3738"},{"taxonomy":"portfolio_skills","embeddable":true,"href":"https:\/\/instajuridic.com\/es\/wp-json\/wp\/v2\/portfolio_skills?post=3738"},{"taxonomy":"portfolio_tags","embeddable":true,"href":"https:\/\/instajuridic.com\/es\/wp-json\/wp\/v2\/portfolio_tags?post=3738"}],"curies":[{"name":"wp","href":"https:\/\/api.w.org\/{rel}","templated":true}]}}

Píldora formativa en derecho y participación en materia ambiental

<div class="three-fourth">
<h2>Píldora formativa en derecho y participación en materia ambiental</h2>
<div>
<p>INSTA ha impartido una píldora formativa sobre conceptos básicos de derecho ambiental y participación ciudadana para la defensa del territorio.</p>
<p>El curso, impulsado por la asociación «La Canonja 3 &#8211; Pueblo, paisaje y sostenibillitat», pretendía tener una noción básica de la principal legislación ambiental en Cataluña, el funcionamiento y la jerarquía del derecho ambiental, así como los instrumentos de información pública y defensa jurídica del medio ambiente</p>
</div>
</div>

<p>Píldora formativa en derecho y participación en materia ambiental INSTA ha impartido una píldora formativa sobre conceptos básicos de derecho ambiental y participación ciudadana para la defensa del territorio. El curso, impulsado por la asociación «La Canonja 3 &#8211; Pueblo, paisaje y sostenibillitat», pretendía tener una noción básica de la principal legislación ambiental en Cataluña,  [&#8230;]</p>
