{"id":7765,"date":"2025-12-19T06:34:36","date_gmt":"2025-12-19T06:34:36","guid":{"rendered":"https:\/\/instajuridic.com\/portfolio-items\/pla-de-sostenibilitat-produccions-saurines\/"},"modified":"2025-12-19T06:34:36","modified_gmt":"2025-12-19T06:34:36","slug":"pla-de-sostenibilitat-produccions-saurines","status":"publish","type":"avada_portfolio","link":"https:\/\/instajuridic.com\/es\/portfolio-items\/pla-de-sostenibilitat-produccions-saurines\/","title":{"rendered":"Plan de sostenibilidad Producciones Saurinas"},"content":{"rendered":"<p>Insta ha participado en la redacci\u00f3n del Plan de Sostenibilidad de la cooperativa audiovisual Produccions Saurines.<\/p>\n<p>El Plan se ha elaborado con el objetivo de incorporar la sostenibilidad de forma coherente y planificada a la actividad global de la cooperativa. Incluye un conjunto de acciones e indicadores de seguimiento diferenciados para la actividad de oficina y para el desarrollo de las producciones, orientadas a reducir el consumo de recursos naturales, mejorar la eficiencia y el consumo energ\u00e9tico, optimizar la gesti\u00f3n del agua, fomentar la econom\u00eda circular y promover una cultura organizativa basada en la sostenibilidad. <\/p>\n<p>Asimismo, el Plan impulsa la creaci\u00f3n de alianzas con empresas sostenibles y la promoci\u00f3n de un entorno de trabajo justo, inclusivo e igualitario.<\/p>\n<p>La redacci\u00f3n del Plan se ha enmarcado en la subvenci\u00f3n para la realizaci\u00f3n de consultor\u00edas para empresas y entidades culturales del Departamento de Cultura y del Instituto Catal\u00e1n de Empresas Culturales (ICEC).<\/p>\n","protected":false},"excerpt":{"rendered":"<p>Insta ha participado en la redacci\u00f3n del Plan de Sostenibilidad de la cooperativa audiovisual Produccions Saurines. El Plan se ha elaborado con el objetivo de incorporar la sostenibilidad de forma coherente y planificada a la actividad global de la cooperativa. Incluye un conjunto de acciones e indicadores de seguimiento diferenciados para la actividad de oficina  [&#8230;]<\/p>\n","protected":false},"author":2,"featured_media":7766,"menu_order":0,"comment_status":"closed","ping_status":"closed","template":"","format":"standard","meta":{"_acf_changed":false,"footnotes":""},"portfolio_category":[157,160],"portfolio_skills":[],"portfolio_tags":[],"class_list":["post-7765","avada_portfolio","type-avada_portfolio","status-publish","format-standard","has-post-thumbnail","hentry","portfolio_category-destacado","portfolio_category-estudios-ambientales-y-territoriales"],"acf":[],"_links":{"self":[{"href":"https:\/\/instajuridic.com\/es\/wp-json\/wp\/v2\/avada_portfolio\/7765","targetHints":{"allow":["GET"]}}],"collection":[{"href":"https:\/\/instajuridic.com\/es\/wp-json\/wp\/v2\/avada_portfolio"}],"about":[{"href":"https:\/\/instajuridic.com\/es\/wp-json\/wp\/v2\/types\/avada_portfolio"}],"author":[{"embeddable":true,"href":"https:\/\/instajuridic.com\/es\/wp-json\/wp\/v2\/users\/2"}],"replies":[{"embeddable":true,"href":"https:\/\/instajuridic.com\/es\/wp-json\/wp\/v2\/comments?post=7765"}],"version-history":[{"count":0,"href":"https:\/\/instajuridic.com\/es\/wp-json\/wp\/v2\/avada_portfolio\/7765\/revisions"}],"wp:featuredmedia":[{"embeddable":true,"href":"https:\/\/instajuridic.com\/es\/wp-json\/wp\/v2\/media\/7766"}],"wp:attachment":[{"href":"https:\/\/instajuridic.com\/es\/wp-json\/wp\/v2\/media?parent=7765"}],"wp:term":[{"taxonomy":"portfolio_category","embeddable":true,"href":"https:\/\/instajuridic.com\/es\/wp-json\/wp\/v2\/portfolio_category?post=7765"},{"taxonomy":"portfolio_skills","embeddable":true,"href":"https:\/\/instajuridic.com\/es\/wp-json\/wp\/v2\/portfolio_skills?post=7765"},{"taxonomy":"portfolio_tags","embeddable":true,"href":"https:\/\/instajuridic.com\/es\/wp-json\/wp\/v2\/portfolio_tags?post=7765"}],"curies":[{"name":"wp","href":"https:\/\/api.w.org\/{rel}","templated":true}]}}

<p>Insta ha participado en la redacción del Plan de Sostenibilidad de la cooperativa audiovisual Produccions Saurines.</p>
<p>El Plan se ha elaborado con el objetivo de incorporar la sostenibilidad de forma coherente y planificada a la actividad global de la cooperativa. Incluye un conjunto de acciones e indicadores de seguimiento diferenciados para la actividad de oficina y para el desarrollo de las producciones, orientadas a reducir el consumo de recursos naturales, mejorar la eficiencia y el consumo energético, optimizar la gestión del agua, fomentar la economía circular y promover una cultura organizativa basada en la sostenibilidad. </p>
<p>Asimismo, el Plan impulsa la creación de alianzas con empresas sostenibles y la promoción de un entorno de trabajo justo, inclusivo e igualitario.</p>
<p>La redacción del Plan se ha enmarcado en la subvención para la realización de consultorías para empresas y entidades culturales del Departamento de Cultura y del Instituto Catalán de Empresas Culturales (ICEC).</p>

<p>Insta ha participado en la redacción del Plan de Sostenibilidad de la cooperativa audiovisual Produccions Saurines. El Plan se ha elaborado con el objetivo de incorporar la sostenibilidad de forma coherente y planificada a la actividad global de la cooperativa. Incluye un conjunto de acciones e indicadores de seguimiento diferenciados para la actividad de oficina  [&#8230;]</p>
