{"id":3737,"date":"2021-04-19T18:21:20","date_gmt":"2021-04-19T18:21:20","guid":{"rendered":"https:\/\/instajuridic.com\/portfolio-items\/pindola-formateur-en-droit-et-participation-en-matiere-environnementale\/"},"modified":"2021-04-19T18:21:20","modified_gmt":"2021-04-19T18:21:20","slug":"pindola-formateur-en-droit-et-participation-en-matiere-environnementale","status":"publish","type":"avada_portfolio","link":"https:\/\/instajuridic.com\/fr\/portfolio-items\/pindola-formateur-en-droit-et-participation-en-matiere-environnementale\/","title":{"rendered":"Pilule de formation en droit et participation aux questions environnementales"},"content":{"rendered":"<div class=\"three-fourth\">\n<h2>Pilule de formation en droit et participation aux questions environnementales<\/h2>\n<div>\n<p>L&rsquo;INSTA a donn\u00e9 une pilule de formation sur les concepts de base du droit de l&rsquo;environnement et de la participation citoyenne pour la d\u00e9fense du territoire.<\/p>\n<p>Le cours, promu par l&rsquo;association \u00ab\u00a0La Canonja 3 &#8211; Les gens, le paysage et la durabilit\u00e9\u00a0\u00bb, visait \u00e0 avoir une notion de base de la principale l\u00e9gislation environnementale en Catalogne, du fonctionnement et de la hi\u00e9rarchie du droit de l&rsquo;environnement, ainsi que des instruments d&rsquo;information du public et de la d\u00e9fense juridique de l&rsquo;environnement<\/p>\n<\/div>\n<\/div>\n","protected":false},"excerpt":{"rendered":"<p>Pilule de formation en droit et participation aux questions environnementales L&rsquo;INSTA a donn\u00e9 une pilule de formation sur les concepts de base du droit de l&rsquo;environnement et de la participation citoyenne pour la d\u00e9fense du territoire. Le cours, promu par l&rsquo;association \u00ab\u00a0La Canonja 3 &#8211; Les gens, le paysage et la durabilit\u00e9\u00a0\u00bb, visait \u00e0 avoir  [&#8230;]<\/p>\n","protected":false},"author":1,"featured_media":3045,"menu_order":0,"comment_status":"closed","ping_status":"closed","template":"","format":"standard","meta":{"_acf_changed":false,"footnotes":""},"portfolio_category":[154],"portfolio_skills":[],"portfolio_tags":[],"class_list":["post-3737","avada_portfolio","type-avada_portfolio","status-publish","format-standard","has-post-thumbnail","hentry","portfolio_category-loi-environnementale"],"acf":[],"_links":{"self":[{"href":"https:\/\/instajuridic.com\/fr\/wp-json\/wp\/v2\/avada_portfolio\/3737","targetHints":{"allow":["GET"]}}],"collection":[{"href":"https:\/\/instajuridic.com\/fr\/wp-json\/wp\/v2\/avada_portfolio"}],"about":[{"href":"https:\/\/instajuridic.com\/fr\/wp-json\/wp\/v2\/types\/avada_portfolio"}],"author":[{"embeddable":true,"href":"https:\/\/instajuridic.com\/fr\/wp-json\/wp\/v2\/users\/1"}],"replies":[{"embeddable":true,"href":"https:\/\/instajuridic.com\/fr\/wp-json\/wp\/v2\/comments?post=3737"}],"version-history":[{"count":0,"href":"https:\/\/instajuridic.com\/fr\/wp-json\/wp\/v2\/avada_portfolio\/3737\/revisions"}],"wp:featuredmedia":[{"embeddable":true,"href":"https:\/\/instajuridic.com\/fr\/wp-json\/wp\/v2\/media\/3045"}],"wp:attachment":[{"href":"https:\/\/instajuridic.com\/fr\/wp-json\/wp\/v2\/media?parent=3737"}],"wp:term":[{"taxonomy":"portfolio_category","embeddable":true,"href":"https:\/\/instajuridic.com\/fr\/wp-json\/wp\/v2\/portfolio_category?post=3737"},{"taxonomy":"portfolio_skills","embeddable":true,"href":"https:\/\/instajuridic.com\/fr\/wp-json\/wp\/v2\/portfolio_skills?post=3737"},{"taxonomy":"portfolio_tags","embeddable":true,"href":"https:\/\/instajuridic.com\/fr\/wp-json\/wp\/v2\/portfolio_tags?post=3737"}],"curies":[{"name":"wp","href":"https:\/\/api.w.org\/{rel}","templated":true}]}}

<div class="three-fourth">
<h2>Pilule de formation en droit et participation aux questions environnementales</h2>
<div>
<p>L&rsquo;INSTA a donné une pilule de formation sur les concepts de base du droit de l&rsquo;environnement et de la participation citoyenne pour la défense du territoire.</p>
<p>Le cours, promu par l&rsquo;association « La Canonja 3 &#8211; Les gens, le paysage et la durabilité », visait à avoir une notion de base de la principale législation environnementale en Catalogne, du fonctionnement et de la hiérarchie du droit de l&rsquo;environnement, ainsi que des instruments d&rsquo;information du public et de la défense juridique de l&rsquo;environnement</p>
</div>
</div>

<p>Pilule de formation en droit et participation aux questions environnementales L&rsquo;INSTA a donné une pilule de formation sur les concepts de base du droit de l&rsquo;environnement et de la participation citoyenne pour la défense du territoire. Le cours, promu par l&rsquo;association « La Canonja 3 &#8211; Les gens, le paysage et la durabilité », visait à avoir  [&#8230;]</p>
