{"id":3791,"date":"2021-04-19T18:21:39","date_gmt":"2021-04-19T18:21:39","guid":{"rendered":"https:\/\/instajuridic.com\/portfolio-items\/conseil-juridique-pour-la-zone-dessai-agricole-de-sant-vicenc-dels-horts\/"},"modified":"2021-04-19T18:21:39","modified_gmt":"2021-04-19T18:21:39","slug":"conseil-juridique-pour-la-zone-dessai-agricole-de-sant-vicenc-dels-horts","status":"publish","type":"avada_portfolio","link":"https:\/\/instajuridic.com\/fr\/portfolio-items\/conseil-juridique-pour-la-zone-dessai-agricole-de-sant-vicenc-dels-horts\/","title":{"rendered":"Conseils juridiques pour la zone d&rsquo;essai agricole de Sant Vicen\u00e7 dels Horts"},"content":{"rendered":"<div class=\"three-fourth\">\n<h2>Conseils juridiques pour la zone d&rsquo;essai agricole de Sant Vicen\u00e7 dels Horts<\/h2>\n<div>\n<p>La situation d&rsquo;abandon progressif de l&rsquo;activit\u00e9 agricole et des terres agricoles dans la commune de Sant Vicen\u00e7 dels Horts, ainsi que le vieillissement de la population engag\u00e9e dans ce secteur \u00e9conomique, le manque de changement de g\u00e9n\u00e9ration et la difficult\u00e9 d&rsquo;acc\u00e8s \u00e0 la terre pour lancer l&rsquo;esprit d&rsquo;entreprise projets dans le domaine agricole, donne \u00e0 la ville de Sant Vicen\u00e7 dels Horts et au Consortium du parc agraire du Baix Llobregat, en collaboration avec d&rsquo;autres entit\u00e9s publiques et priv\u00e9es, la volont\u00e9 de d\u00e9velopper des projets ax\u00e9s sur la r\u00e9activation et la revitalisation de cette activit\u00e9 et l&rsquo;espace qui le supporte. En ce sens, l&rsquo;int\u00e9gration d&rsquo;une nouvelle agriculture pour assurer le changement de g\u00e9n\u00e9ration de l&rsquo;agriculture locale est l&rsquo;un des objectifs du projet de l&rsquo;Espai Test Agrari de Sant Vicen\u00e7 els Horts.<\/p>\n<p>Command\u00e9 par l&rsquo;Association des Initiatives Rurales de Catalogne (ARCA), l&rsquo;INSTA a offert des conseils juridiques pour l&rsquo;articulation de la future zone d&rsquo;essai agricole \u00e0 Sant Vicen\u00e7 dels Horts. Avec ses conseils, l&rsquo;INSTA a facilit\u00e9 l&rsquo;\u00e9laboration des accords et accords entre les entit\u00e9s membres et les futurs utilisateurs de ces espaces.<\/p>\n<\/div>\n<\/div>\n","protected":false},"excerpt":{"rendered":"<p>Conseils juridiques pour la zone d&rsquo;essai agricole de Sant Vicen\u00e7 dels Horts La situation d&rsquo;abandon progressif de l&rsquo;activit\u00e9 agricole et des terres agricoles dans la commune de Sant Vicen\u00e7 dels Horts, ainsi que le vieillissement de la population engag\u00e9e dans ce secteur \u00e9conomique, le manque de changement de g\u00e9n\u00e9ration et la difficult\u00e9 d&rsquo;acc\u00e8s \u00e0 la  [&#8230;]<\/p>\n","protected":false},"author":1,"featured_media":3099,"menu_order":0,"comment_status":"closed","ping_status":"closed","template":"","format":"standard","meta":{"_acf_changed":false,"footnotes":""},"portfolio_category":[155,156,154],"portfolio_skills":[],"portfolio_tags":[],"class_list":["post-3791","avada_portfolio","type-avada_portfolio","status-publish","format-standard","has-post-thumbnail","hentry","portfolio_category-dialogue-environnemental","portfolio_category-etudes-environnementales-et-territoriales","portfolio_category-loi-environnementale"],"acf":[],"_links":{"self":[{"href":"https:\/\/instajuridic.com\/fr\/wp-json\/wp\/v2\/avada_portfolio\/3791","targetHints":{"allow":["GET"]}}],"collection":[{"href":"https:\/\/instajuridic.com\/fr\/wp-json\/wp\/v2\/avada_portfolio"}],"about":[{"href":"https:\/\/instajuridic.com\/fr\/wp-json\/wp\/v2\/types\/avada_portfolio"}],"author":[{"embeddable":true,"href":"https:\/\/instajuridic.com\/fr\/wp-json\/wp\/v2\/users\/1"}],"replies":[{"embeddable":true,"href":"https:\/\/instajuridic.com\/fr\/wp-json\/wp\/v2\/comments?post=3791"}],"version-history":[{"count":0,"href":"https:\/\/instajuridic.com\/fr\/wp-json\/wp\/v2\/avada_portfolio\/3791\/revisions"}],"wp:featuredmedia":[{"embeddable":true,"href":"https:\/\/instajuridic.com\/fr\/wp-json\/wp\/v2\/media\/3099"}],"wp:attachment":[{"href":"https:\/\/instajuridic.com\/fr\/wp-json\/wp\/v2\/media?parent=3791"}],"wp:term":[{"taxonomy":"portfolio_category","embeddable":true,"href":"https:\/\/instajuridic.com\/fr\/wp-json\/wp\/v2\/portfolio_category?post=3791"},{"taxonomy":"portfolio_skills","embeddable":true,"href":"https:\/\/instajuridic.com\/fr\/wp-json\/wp\/v2\/portfolio_skills?post=3791"},{"taxonomy":"portfolio_tags","embeddable":true,"href":"https:\/\/instajuridic.com\/fr\/wp-json\/wp\/v2\/portfolio_tags?post=3791"}],"curies":[{"name":"wp","href":"https:\/\/api.w.org\/{rel}","templated":true}]}}

Conseils juridiques pour la zone d&rsquo;essai agricole de Sant Vicenç dels Horts

<div class="three-fourth">
<h2>Conseils juridiques pour la zone d&rsquo;essai agricole de Sant Vicenç dels Horts</h2>
<div>
<p>La situation d&rsquo;abandon progressif de l&rsquo;activité agricole et des terres agricoles dans la commune de Sant Vicenç dels Horts, ainsi que le vieillissement de la population engagée dans ce secteur économique, le manque de changement de génération et la difficulté d&rsquo;accès à la terre pour lancer l&rsquo;esprit d&rsquo;entreprise projets dans le domaine agricole, donne à la ville de Sant Vicenç dels Horts et au Consortium du parc agraire du Baix Llobregat, en collaboration avec d&rsquo;autres entités publiques et privées, la volonté de développer des projets axés sur la réactivation et la revitalisation de cette activité et l&rsquo;espace qui le supporte. En ce sens, l&rsquo;intégration d&rsquo;une nouvelle agriculture pour assurer le changement de génération de l&rsquo;agriculture locale est l&rsquo;un des objectifs du projet de l&rsquo;Espai Test Agrari de Sant Vicenç els Horts.</p>
<p>Commandé par l&rsquo;Association des Initiatives Rurales de Catalogne (ARCA), l&rsquo;INSTA a offert des conseils juridiques pour l&rsquo;articulation de la future zone d&rsquo;essai agricole à Sant Vicenç dels Horts. Avec ses conseils, l&rsquo;INSTA a facilité l&rsquo;élaboration des accords et accords entre les entités membres et les futurs utilisateurs de ces espaces.</p>
</div>
</div>

<p>Conseils juridiques pour la zone d&rsquo;essai agricole de Sant Vicenç dels Horts La situation d&rsquo;abandon progressif de l&rsquo;activité agricole et des terres agricoles dans la commune de Sant Vicenç dels Horts, ainsi que le vieillissement de la population engagée dans ce secteur économique, le manque de changement de génération et la difficulté d&rsquo;accès à la  [&#8230;]</p>
