{"id":3650,"date":"2021-04-19T18:04:14","date_gmt":"2021-04-19T18:04:14","guid":{"rendered":"https:\/\/instajuridic.com\/publicacio\/la-responsabilite-legale-des-entites-de-garde-du-territoire\/"},"modified":"2021-04-19T18:04:14","modified_gmt":"2021-04-19T18:04:14","slug":"la-responsabilite-legale-des-entites-de-garde-du-territoire","status":"publish","type":"publicacio","link":"https:\/\/instajuridic.com\/fr\/publicacio\/la-responsabilite-legale-des-entites-de-garde-du-territoire\/","title":{"rendered":"La responsabilit\u00e9 juridique des gardiens du territoire"},"content":{"rendered":"<ul>\n<li><strong>Auteur<\/strong> : Jordi Record\u00e0 Cos<\/li>\n<li><strong>Date de soumission<\/strong> : 2012<\/li>\n<li><b>Congr\u00e8s:<\/b> La vie terrestre. Prendre soin de la nature (Cosomocaixa, Barcelone)<\/li>\n<\/ul>\n<p>Dans cet article, nous exposons les principaux sujets de d\u00e9bat qui sont d\u00e9taill\u00e9s dans l&rsquo;article de cette section de publications.<\/p>\n","protected":false},"featured_media":2964,"template":"","meta":{"_acf_changed":false},"tipus_publicacio":[144],"class_list":["post-3650","publicacio","type-publicacio","status-publish","has-post-thumbnail","hentry","tipus_publicacio-papiers"],"acf":[],"_links":{"self":[{"href":"https:\/\/instajuridic.com\/fr\/wp-json\/wp\/v2\/publicacio\/3650","targetHints":{"allow":["GET"]}}],"collection":[{"href":"https:\/\/instajuridic.com\/fr\/wp-json\/wp\/v2\/publicacio"}],"about":[{"href":"https:\/\/instajuridic.com\/fr\/wp-json\/wp\/v2\/types\/publicacio"}],"wp:featuredmedia":[{"embeddable":true,"href":"https:\/\/instajuridic.com\/fr\/wp-json\/wp\/v2\/media\/2964"}],"wp:attachment":[{"href":"https:\/\/instajuridic.com\/fr\/wp-json\/wp\/v2\/media?parent=3650"}],"wp:term":[{"taxonomy":"tipus_publicacio","embeddable":true,"href":"https:\/\/instajuridic.com\/fr\/wp-json\/wp\/v2\/tipus_publicacio?post=3650"}],"curies":[{"name":"wp","href":"https:\/\/api.w.org\/{rel}","templated":true}]}}

La responsabilité juridique des gardiens du territoire

<ul>
<li><strong>Auteur</strong> : Jordi Recordà Cos</li>
<li><strong>Date de soumission</strong> : 2012</li>
<li><b>Congrès:</b> La vie terrestre. Prendre soin de la nature (Cosomocaixa, Barcelone)</li>
</ul>
<p>Dans cet article, nous exposons les principaux sujets de débat qui sont détaillés dans l&rsquo;article de cette section de publications.</p>
