{"id":5604,"date":"2024-04-21T15:46:51","date_gmt":"2024-04-21T15:46:51","guid":{"rendered":"https:\/\/instajuridic.com\/publicacio\/a-responsabilidade-xuridica-das-entidades-de-custodia-territorio\/"},"modified":"2024-04-21T15:46:51","modified_gmt":"2024-04-21T15:46:51","slug":"a-responsabilidade-xuridica-das-entidades-de-custodia-territorio","status":"publish","type":"publicacio","link":"https:\/\/instajuridic.com\/gl\/publicacio\/a-responsabilidade-xuridica-das-entidades-de-custodia-territorio\/","title":{"rendered":"A responsabilidade legal das entidades territoriais de custodia"},"content":{"rendered":"<ul>\n<li><strong>Autor<\/strong> : Jordi Record\u00e0 Cos<\/li>\n<li><strong>Data de presentaci\u00f3n<\/strong> : 2012<\/li>\n<li><b>Congreso:<\/b> Land Life. Coidado pola natureza (Cosomocaixa, Barcelona)<\/li>\n<\/ul>\n<p>Nesta presentaci\u00f3n presentamos os principais temas de debate que se detallan no artigo desta secci\u00f3n de publicaci\u00f3ns.<\/p>\n","protected":false},"featured_media":5607,"template":"","meta":{"_acf_changed":false},"tipus_publicacio":[252],"class_list":["post-5604","publicacio","type-publicacio","status-publish","has-post-thumbnail","hentry","tipus_publicacio-presentacions"],"acf":[],"_links":{"self":[{"href":"https:\/\/instajuridic.com\/gl\/wp-json\/wp\/v2\/publicacio\/5604","targetHints":{"allow":["GET"]}}],"collection":[{"href":"https:\/\/instajuridic.com\/gl\/wp-json\/wp\/v2\/publicacio"}],"about":[{"href":"https:\/\/instajuridic.com\/gl\/wp-json\/wp\/v2\/types\/publicacio"}],"wp:featuredmedia":[{"embeddable":true,"href":"https:\/\/instajuridic.com\/gl\/wp-json\/wp\/v2\/media\/5607"}],"wp:attachment":[{"href":"https:\/\/instajuridic.com\/gl\/wp-json\/wp\/v2\/media?parent=5604"}],"wp:term":[{"taxonomy":"tipus_publicacio","embeddable":true,"href":"https:\/\/instajuridic.com\/gl\/wp-json\/wp\/v2\/tipus_publicacio?post=5604"}],"curies":[{"name":"wp","href":"https:\/\/api.w.org\/{rel}","templated":true}]}}

<ul>
<li><strong>Autor</strong> : Jordi Recordà Cos</li>
<li><strong>Data de presentación</strong> : 2012</li>
<li><b>Congreso:</b> Land Life. Coidado pola natureza (Cosomocaixa, Barcelona)</li>
</ul>
<p>Nesta presentación presentamos os principais temas de debate que se detallan no artigo desta sección de publicacións.</p>
