{"id":5617,"date":"2024-04-21T15:46:52","date_gmt":"2024-04-21T15:46:52","guid":{"rendered":"https:\/\/instajuridic.com\/publicacio\/ferramentas-xuridicas-innovadoras-aplicadas-a-custodia-do-territorio-para-a-conservacion-dos-servizos-de-ecosistemas-en-cataluna\/"},"modified":"2024-04-21T15:46:52","modified_gmt":"2024-04-21T15:46:52","slug":"ferramentas-xuridicas-innovadoras-aplicadas-a-custodia-do-territorio-para-a-conservacion-dos-servizos-de-ecosistemas-en-cataluna","status":"publish","type":"publicacio","link":"https:\/\/instajuridic.com\/gl\/publicacio\/ferramentas-xuridicas-innovadoras-aplicadas-a-custodia-do-territorio-para-a-conservacion-dos-servizos-de-ecosistemas-en-cataluna\/","title":{"rendered":"Ferramentas xur\u00eddicas innovadoras aplicadas \u00e1 custodia do territorio, para a conservaci\u00f3n dos servizos ecosist\u00e9micos en Catalu\u00f1a"},"content":{"rendered":"<ul>\n<li><strong>Autores<\/strong> : Aitana de la Varga Pastor e Joan Pons Sol\u00e9<\/li>\n<li><strong>Ano de publicaci\u00f3n<\/strong> : 2018<\/li>\n<li><strong>Revista<\/strong> : Journal of Ecosystem Services<\/li>\n<\/ul>\n<p>A auga de calidade \u00e9 un recurso escaso que require unha correcta xesti\u00f3n para garantir a s\u00faa sustentabilidade. A xesti\u00f3n racional dos recursos comeza a regularse moi recentemente a trav\u00e9s da lei ambiental. Neste sentido, a xesti\u00f3n dos recursos deber\u00eda basearse no principio de precauci\u00f3n para garantir un bo uso, ou uso sostible, que preserve o recurso. Tam\u00e9n debe actuar base\u00e1ndose no principio de utilizar a mellor tecnolox\u00eda dispo\u00f1ible, para ser o m\u00e1is eficiente posible \u00e1 hora de consumir auga. A intenci\u00f3n deste libro \u00e9 afondar no marco legal actual para estudar o potencial que ofrece para a conservaci\u00f3n da auga, inclu\u00edndo os cambios normativos recentes motivados pola actual crise econ\u00f3mica. Esta an\u00e1lise vai m\u00e1is al\u00f3 da regulaci\u00f3n dos mecanismos de aforro vinculados \u00e1 edificaci\u00f3n, e aborda a necesidade actual de facer accesibles os recursos h\u00eddricos de menor calidade que a auga potable. As\u00ed, anal\u00edzase en profundidade cal \u00e9 o marco legal para o uso das augas pluviais, subterr\u00e1neas, rexeneradas e grises. Por \u00faltimo, este estudo non foi concibido exclusivamente desde unha perspectiva xur\u00eddica, sen\u00f3n que, tendo en conta a complexidade e transversalidade das cuesti\u00f3ns que afectan ao aforro de auga, as\u00ed como \u00e1 formaci\u00f3n do autor, tiv\u00e9ronse en conta outras disciplinas cient\u00edficas co obxectivo de analizando o problema desde unha perspectiva hol\u00edstica.<\/p>\n<p>Ligaz\u00f3n ao artigo <a href=\"https:\/\/www.sciencedirect.com\/science\/article\/pii\/S2212041617305636\" target=\"_blank\" rel=\"noopener\">aqu\u00ed<\/a> .<\/p>\n","protected":false},"featured_media":5619,"template":"","meta":{"_acf_changed":false},"tipus_publicacio":[253],"class_list":["post-5617","publicacio","type-publicacio","status-publish","has-post-thumbnail","hentry","tipus_publicacio-artigos"],"acf":[],"_links":{"self":[{"href":"https:\/\/instajuridic.com\/gl\/wp-json\/wp\/v2\/publicacio\/5617","targetHints":{"allow":["GET"]}}],"collection":[{"href":"https:\/\/instajuridic.com\/gl\/wp-json\/wp\/v2\/publicacio"}],"about":[{"href":"https:\/\/instajuridic.com\/gl\/wp-json\/wp\/v2\/types\/publicacio"}],"wp:featuredmedia":[{"embeddable":true,"href":"https:\/\/instajuridic.com\/gl\/wp-json\/wp\/v2\/media\/5619"}],"wp:attachment":[{"href":"https:\/\/instajuridic.com\/gl\/wp-json\/wp\/v2\/media?parent=5617"}],"wp:term":[{"taxonomy":"tipus_publicacio","embeddable":true,"href":"https:\/\/instajuridic.com\/gl\/wp-json\/wp\/v2\/tipus_publicacio?post=5617"}],"curies":[{"name":"wp","href":"https:\/\/api.w.org\/{rel}","templated":true}]}}

Ferramentas xurídicas innovadoras aplicadas á custodia do territorio, para a conservación dos servizos ecosistémicos en Cataluña

<ul>
<li><strong>Autores</strong> : Aitana de la Varga Pastor e Joan Pons Solé</li>
<li><strong>Ano de publicación</strong> : 2018</li>
<li><strong>Revista</strong> : Journal of Ecosystem Services</li>
</ul>
<p>A auga de calidade é un recurso escaso que require unha correcta xestión para garantir a súa sustentabilidade. A xestión racional dos recursos comeza a regularse moi recentemente a través da lei ambiental. Neste sentido, a xestión dos recursos debería basearse no principio de precaución para garantir un bo uso, ou uso sostible, que preserve o recurso. Tamén debe actuar baseándose no principio de utilizar a mellor tecnoloxía dispoñible, para ser o máis eficiente posible á hora de consumir auga. A intención deste libro é afondar no marco legal actual para estudar o potencial que ofrece para a conservación da auga, incluíndo os cambios normativos recentes motivados pola actual crise económica. Esta análise vai máis aló da regulación dos mecanismos de aforro vinculados á edificación, e aborda a necesidade actual de facer accesibles os recursos hídricos de menor calidade que a auga potable. Así, analízase en profundidade cal é o marco legal para o uso das augas pluviais, subterráneas, rexeneradas e grises. Por último, este estudo non foi concibido exclusivamente desde unha perspectiva xurídica, senón que, tendo en conta a complexidade e transversalidade das cuestións que afectan ao aforro de auga, así como á formación do autor, tivéronse en conta outras disciplinas científicas co obxectivo de analizando o problema desde unha perspectiva holística.</p>
<p>Ligazón ao artigo <a href="https://www.sciencedirect.com/science/article/pii/S2212041617305636" target="_blank" rel="noopener">aquí</a> .</p>
